[INFO] fetching crate oas3 0.0.1...
[INFO] checking oas3-0.0.1 against master#af3c6e733a40e671550e0f0f5aeecaa13772ba56 for pr-74989
[INFO] extracting crate oas3 0.0.1 into /workspace/builds/worker-6/source
[INFO] validating manifest of crates.io crate oas3 0.0.1 on toolchain af3c6e733a40e671550e0f0f5aeecaa13772ba56
[INFO] running `Command { std: "/workspace/cargo-home/bin/cargo" "+af3c6e733a40e671550e0f0f5aeecaa13772ba56" "read-manifest" "--manifest-path" "Cargo.toml", kill_on_drop: false }`
[INFO] started tweaking crates.io crate oas3 0.0.1
[INFO] finished tweaking crates.io crate oas3 0.0.1
[INFO] tweaked toml for crates.io crate oas3 0.0.1 written to /workspace/builds/worker-6/source/Cargo.toml
[INFO] crate crates.io crate oas3 0.0.1 already has a lockfile, it will not be regenerated
[INFO] running `Command { std: "/workspace/cargo-home/bin/cargo" "+af3c6e733a40e671550e0f0f5aeecaa13772ba56" "fetch" "--locked" "--manifest-path" "Cargo.toml", kill_on_drop: false }`
[INFO] running `Command { std: "docker" "create" "-v" "/var/lib/crater-agent-workspace/builds/worker-6/target:/opt/rustwide/target:rw,Z" "-v" "/var/lib/crater-agent-workspace/builds/worker-6/source:/opt/rustwide/workdir:ro,Z" "-v" "/var/lib/crater-agent-workspace/cargo-home:/opt/rustwide/cargo-home:ro,Z" "-v" "/var/lib/crater-agent-workspace/rustup-home:/opt/rustwide/rustup-home:ro,Z" "-e" "SOURCE_DIR=/opt/rustwide/workdir" "-e" "CARGO_TARGET_DIR=/opt/rustwide/target" "-e" "CARGO_HOME=/opt/rustwide/cargo-home" "-e" "RUSTUP_HOME=/opt/rustwide/rustup-home" "-w" "/opt/rustwide/workdir" "-m" "1610612736" "--user" "0:0" "--network" "none" "rustops/crates-build-env@sha256:d92eaeed33fa75130ca1ee6c8a01d1ffb62bac859dfdfb3450e3e5d1c0146529" "/opt/rustwide/cargo-home/bin/cargo" "+af3c6e733a40e671550e0f0f5aeecaa13772ba56" "metadata" "--no-deps" "--format-version=1", kill_on_drop: false }`
[INFO] [stderr] WARNING: Your kernel does not support swap limit capabilities or the cgroup is not mounted. Memory limited without swap.
[INFO] [stdout] ec19482749d075f844ca3d1e7616541981810f6191003606683f2e453f73606f
[INFO] running `Command { std: "docker" "start" "-a" "ec19482749d075f844ca3d1e7616541981810f6191003606683f2e453f73606f", kill_on_drop: false }`
[INFO] running `Command { std: "docker" "inspect" "ec19482749d075f844ca3d1e7616541981810f6191003606683f2e453f73606f", kill_on_drop: false }`
[INFO] running `Command { std: "docker" "rm" "-f" "ec19482749d075f844ca3d1e7616541981810f6191003606683f2e453f73606f", kill_on_drop: false }`
[INFO] [stdout] ec19482749d075f844ca3d1e7616541981810f6191003606683f2e453f73606f
[INFO] running `Command { std: "docker" "create" "-v" "/var/lib/crater-agent-workspace/builds/worker-6/target:/opt/rustwide/target:rw,Z" "-v" "/var/lib/crater-agent-workspace/builds/worker-6/source:/opt/rustwide/workdir:ro,Z" "-v" "/var/lib/crater-agent-workspace/cargo-home:/opt/rustwide/cargo-home:ro,Z" "-v" "/var/lib/crater-agent-workspace/rustup-home:/opt/rustwide/rustup-home:ro,Z" "-e" "SOURCE_DIR=/opt/rustwide/workdir" "-e" "CARGO_TARGET_DIR=/opt/rustwide/target" "-e" "CARGO_INCREMENTAL=0" "-e" "RUST_BACKTRACE=full" "-e" "RUSTFLAGS=--cap-lints=forbid" "-e" "CARGO_HOME=/opt/rustwide/cargo-home" "-e" "RUSTUP_HOME=/opt/rustwide/rustup-home" "-w" "/opt/rustwide/workdir" "-m" "1610612736" "--user" "0:0" "--network" "none" "rustops/crates-build-env@sha256:d92eaeed33fa75130ca1ee6c8a01d1ffb62bac859dfdfb3450e3e5d1c0146529" "/opt/rustwide/cargo-home/bin/cargo" "+af3c6e733a40e671550e0f0f5aeecaa13772ba56" "check" "--frozen" "--all" "--all-targets" "--message-format=json", kill_on_drop: false }`
[INFO] [stdout] d21c5a71deeaafaf2b5ab7d3599e08875702957d8b8275da151d81f5a2acf19c
[INFO] [stderr] WARNING: Your kernel does not support swap limit capabilities or the cgroup is not mounted. Memory limited without swap.
[INFO] running `Command { std: "docker" "start" "-a" "d21c5a71deeaafaf2b5ab7d3599e08875702957d8b8275da151d81f5a2acf19c", kill_on_drop: false }`
[INFO] [stderr]    Compiling syn v0.15.43
[INFO] [stderr]    Compiling cc v1.0.38
[INFO] [stderr]    Compiling serde v1.0.98
[INFO] [stderr]    Compiling memchr v2.2.1
[INFO] [stderr]     Checking smallvec v0.6.10
[INFO] [stderr]    Compiling lazy_static v1.3.0
[INFO] [stderr]    Compiling failure_derive v0.1.5
[INFO] [stderr]    Compiling ryu v1.0.0
[INFO] [stderr]     Checking linked-hash-map v0.5.2
[INFO] [stderr]     Checking cfg-if v0.1.9
[INFO] [stderr]    Compiling regex-syntax v0.6.11
[INFO] [stderr]     Checking itoa v0.4.4
[INFO] [stderr]     Checking rustc-demangle v0.1.15
[INFO] [stderr]     Checking semver-parser v0.7.0
[INFO] [stderr]     Checking dtoa v0.4.4
[INFO] [stderr]     Checking difference v2.0.0
[INFO] [stderr]    Compiling thread_local v0.3.6
[INFO] [stderr]    Compiling proc-macro2 v0.4.30
[INFO] [stderr]     Checking semver v0.9.0
[INFO] [stderr]     Checking pretty_assertions v0.6.1
[INFO] [stderr]     Checking iovec v0.1.2
[INFO] [stderr]     Checking yaml-rust v0.4.3
[INFO] [stderr]     Checking unicode-normalization v0.1.8
[INFO] [stderr]     Checking bytes v0.4.12
[INFO] [stderr]     Checking http v0.1.18
[INFO] [stderr]    Compiling quote v0.6.13
[INFO] [stderr]    Compiling aho-corasick v0.7.6
[INFO] [stderr]    Compiling backtrace-sys v0.1.31
[INFO] [stderr]     Checking idna v0.1.5
[INFO] [stderr]     Checking backtrace v0.3.34
[INFO] [stderr]     Checking url v1.7.2
[INFO] [stderr]    Compiling regex v1.2.1
[INFO] [stderr]     Checking url_serde v0.2.0
[INFO] [stderr]     Checking serde_yaml v0.8.9
[INFO] [stderr]     Checking serde_json v1.0.40
[INFO] [stderr]    Compiling synstructure v0.10.2
[INFO] [stderr]    Compiling derive_more v0.15.0
[INFO] [stderr]    Compiling serde_derive v1.0.98
[INFO] [stderr]     Checking failure v0.1.5
[INFO] [stderr]     Checking oas3 v0.0.1 (/opt/rustwide/workdir)
[INFO] [stdout] error[E0433]: failed to resolve: use of undeclared type or module `SecurityScheme`
[INFO] [stdout]    --> src/schema.rs:171:13
[INFO] [stdout]     |
[INFO] [stdout] 171 |             SecurityScheme::OAuth2 { flows } => {
[INFO] [stdout]     |             ^^^^^^^^^^^^^^ use of undeclared type or module `SecurityScheme`
[INFO] [stdout] 
[INFO] [stdout] 
[INFO] [stdout] error[E0412]: cannot find type `SecurityScheme` in this scope
[INFO] [stdout]    --> src/schema.rs:169:18
[INFO] [stdout]     |
[INFO] [stdout] 169 |         let obj: SecurityScheme = serde_json::from_str(&IMPLICIT_OAUTH2_SAMPLE).unwrap();
[INFO] [stdout]     |                  ^^^^^^^^^^^^^^ not found in this scope
[INFO] [stdout]     |
[INFO] [stdout] help: consider importing this enum
[INFO] [stdout]     |
[INFO] [stdout] 144 |     use crate::SecurityScheme;
[INFO] [stdout]     |
[INFO] [stdout] 
[INFO] [stdout] 
[INFO] [stdout] error[E0433]: failed to resolve: use of undeclared type or module `Url`
[INFO] [stdout]    --> src/schema.rs:176:21
[INFO] [stdout]     |
[INFO] [stdout] 176 |                     Url::parse("https://example.com/api/oauth/dialog").unwrap()
[INFO] [stdout]     |                     ^^^ not found in this scope
[INFO] [stdout]     |
[INFO] [stdout] help: consider importing one of these items
[INFO] [stdout]     |
[INFO] [stdout] 144 |     use crate::Url;
[INFO] [stdout]     |
[INFO] [stdout] 144 |     use url::Url;
[INFO] [stdout]     |
[INFO] [stdout] 
[INFO] [stdout] 
[INFO] [stdout] error[E0433]: failed to resolve: use of undeclared type or module `Url`
[INFO] [stdout]    --> src/schema.rs:185:21
[INFO] [stdout]     |
[INFO] [stdout] 185 |                     Url::parse("https://example.com/api/oauth/dialog").unwrap()
[INFO] [stdout]     |                     ^^^ not found in this scope
[INFO] [stdout]     |
[INFO] [stdout] help: consider importing one of these items
[INFO] [stdout]     |
[INFO] [stdout] 144 |     use crate::Url;
[INFO] [stdout]     |
[INFO] [stdout] 144 |     use url::Url;
[INFO] [stdout]     |
[INFO] [stdout] 
[INFO] [stdout] 
[INFO] [stdout] error[E0433]: failed to resolve: use of undeclared type or module `Url`
[INFO] [stdout]    --> src/schema.rs:189:21
[INFO] [stdout]     |
[INFO] [stdout] 189 |                     Url::parse("https://example.com/api/oauth/token").unwrap()
[INFO] [stdout]     |                     ^^^ not found in this scope
[INFO] [stdout]     |
[INFO] [stdout] help: consider importing one of these items
[INFO] [stdout]     |
[INFO] [stdout] 144 |     use crate::Url;
[INFO] [stdout]     |
[INFO] [stdout] 144 |     use url::Url;
[INFO] [stdout]     |
[INFO] [stdout] 
[INFO] [stdout] 
[INFO] [stdout] warning: unused import: `super::*`
[INFO] [stdout]    --> src/schema.rs:144:9
[INFO] [stdout]     |
[INFO] [stdout] 144 |     use super::*;
[INFO] [stdout]     |         ^^^^^^^^
[INFO] [stdout]     |
[INFO] [stdout]     = note: `#[warn(unused_imports)]` on by default
[INFO] [stdout] 
[INFO] [stdout] 
[INFO] [stdout] error: aborting due to 5 previous errors; 1 warning emitted
[INFO] [stdout] 
[INFO] [stdout] 
[INFO] [stdout] Some errors have detailed explanations: E0412, E0433.
[INFO] [stdout] 
[INFO] [stdout] For more information about an error, try `rustc --explain E0412`.
[INFO] [stdout] 
[INFO] [stderr] error: could not compile `oas3`.
[INFO] [stderr] 
[INFO] [stderr] To learn more, run the command again with --verbose.
[INFO] [stderr] warning: build failed, waiting for other jobs to finish...
[INFO] [stderr] error: build failed
[INFO] running `Command { std: "docker" "inspect" "d21c5a71deeaafaf2b5ab7d3599e08875702957d8b8275da151d81f5a2acf19c", kill_on_drop: false }`
[INFO] running `Command { std: "docker" "rm" "-f" "d21c5a71deeaafaf2b5ab7d3599e08875702957d8b8275da151d81f5a2acf19c", kill_on_drop: false }`
[INFO] [stdout] d21c5a71deeaafaf2b5ab7d3599e08875702957d8b8275da151d81f5a2acf19c
